{"id":1626,"date":"2015-03-11T07:02:30","date_gmt":"2015-03-11T07:02:30","guid":{"rendered":"http:\/\/plastcom.pl\/?page_id=1626"},"modified":"2023-11-13T15:41:47","modified_gmt":"2023-11-13T15:41:47","slug":"wspolnotydeweloperzy","status":"publish","type":"page","link":"https:\/\/plastcom.pl\/?page_id=1626","title":{"rendered":"Wsp\u00f3lnoty\/Deweloperzy"},"content":{"rendered":"<p><img loading=\"lazy\" decoding=\"async\" class=\"aligncenter wp-image-1647 size-large\" src=\"https:\/\/plastcom.pl\/wp-content\/uploads\/2015\/03\/deweloper-wifi1-585x439.png\" alt=\"\" width=\"585\" height=\"439\" \/><\/p>\n<p><img loading=\"lazy\" decoding=\"async\" class=\"alignright size-medium wp-image-1629\" src=\"https:\/\/plastcom.pl\/wp-content\/uploads\/2015\/03\/deweloper-280x230.png\" alt=\"deweloper\" width=\"280\" height=\"230\" \/><\/p>\n<p>Zapraszamy firmy deweloperskie, wsp\u00f3lnoty, sieci osiedlowe\u00a0 oraz osoby prywatne zainteresowane naszymi us\u0142ugami do kontaktu. Oferujemy r\u00f3\u017cne metody dost\u0119pu do us\u0142ugi z dost\u0119pem \u015bwiat\u0142owodowym w\u0142\u0105cznie.<\/p>\n<p>Zach\u0119camy r\u00f3wnie\u017c do skorzystania z <a href=\"https:\/\/plastcom.pl\/?page_id=185170\">Mobilnego Pogotowia \u015awiat\u0142owodowo-Technicznego<\/a>.<\/p>\n<p>Nasza oferta to szeroko rozumiana pomoc w budowie, eksploatacji i organizacji proces\u00f3w zwi\u0105zanych z Infrastruktur\u0105 Optyczn\u0105 i nie tylko.<\/p>\n<h3>Nie ma nas w Twojej lokalizacji? Nic straconego!<\/h3>\n<p>Zadzwo\u0144 do nas lub Napisz. Znajdziemy rozwi\u0105zanie.<\/p>\n<h4><strong>e-mail: <a href=\"mailto:piotr.chojniak@plastcom.pl\" target=\"_blank\" rel=\"noopener\">piotr.chojniak@plastcom.pl<\/a><\/strong><\/h4>\n<h4><strong>tel: 58 7405050<\/strong><\/h4>\n","protected":false},"excerpt":{"rendered":"<p>Zapraszamy firmy deweloperskie, wsp\u00f3lnoty, sieci osiedlowe\u00a0 oraz osoby prywatne zainteresowane naszymi us\u0142ugami do kontaktu. Oferujemy r\u00f3\u017cne metody dost\u0119pu do us\u0142ugi z dost\u0119pem \u015bwiat\u0142owodowym w\u0142\u0105cznie. Zach\u0119camy r\u00f3wnie\u017c do skorzystania z Mobilnego Pogotowia \u015awiat\u0142owodowo-Technicznego. Nasza oferta to szeroko rozumiana pomoc w budowie, eksploatacji i organizacji proces\u00f3w zwi\u0105zanych z Infrastruktur\u0105 Optyczn\u0105 i nie tylko. Nie ma nas w [&hellip;]<\/p>\n","protected":false},"author":11,"featured_media":1629,"parent":0,"menu_order":0,"comment_status":"closed","ping_status":"closed","template":"","meta":{"_et_pb_use_builder":"","_et_pb_old_content":"","_et_gb_content_width":"","footnotes":""},"class_list":["post-1626","page","type-page","status-publish","has-post-thumbnail","hentry"],"jetpack_sharing_enabled":true,"_links":{"self":[{"href":"https:\/\/plastcom.pl\/index.php?rest_route=\/wp\/v2\/pages\/1626","targetHints":{"allow":["GET"]}}],"collection":[{"href":"https:\/\/plastcom.pl\/index.php?rest_route=\/wp\/v2\/pages"}],"about":[{"href":"https:\/\/plastcom.pl\/index.php?rest_route=\/wp\/v2\/types\/page"}],"author":[{"embeddable":true,"href":"https:\/\/plastcom.pl\/index.php?rest_route=\/wp\/v2\/users\/11"}],"replies":[{"embeddable":true,"href":"https:\/\/plastcom.pl\/index.php?rest_route=%2Fwp%2Fv2%2Fcomments&post=1626"}],"version-history":[{"count":12,"href":"https:\/\/plastcom.pl\/index.php?rest_route=\/wp\/v2\/pages\/1626\/revisions"}],"predecessor-version":[{"id":185195,"href":"https:\/\/plastcom.pl\/index.php?rest_route=\/wp\/v2\/pages\/1626\/revisions\/185195"}],"wp:featuredmedia":[{"embeddable":true,"href":"https:\/\/plastcom.pl\/index.php?rest_route=\/wp\/v2\/media\/1629"}],"wp:attachment":[{"href":"https:\/\/plastcom.pl\/index.php?rest_route=%2Fwp%2Fv2%2Fmedia&parent=1626"}],"curies":[{"name":"wp","href":"https:\/\/api.w.org\/{rel}","templated":true}]}}