{"id":185170,"date":"2023-11-13T14:22:10","date_gmt":"2023-11-13T14:22:10","guid":{"rendered":"https:\/\/plastcom.pl\/?page_id=185170"},"modified":"2023-11-16T09:22:46","modified_gmt":"2023-11-16T09:22:46","slug":"mobilne-pogotowie-swiatlowodowo-techniczne","status":"publish","type":"page","link":"https:\/\/plastcom.pl\/?page_id=185170","title":{"rendered":"Mobilne Pogotowie \u015awiat\u0142owodowo-Techniczne"},"content":{"rendered":"<p>[et_pb_section fb_built=&#8221;1&#8243; _builder_version=&#8221;4.22.1&#8243; _module_preset=&#8221;default&#8221; background_color=&#8221;#FFFFFF&#8221; use_background_color_gradient=&#8221;on&#8221; background_color_gradient_stops=&#8221;rgba(0,0,0,0.45) 1%|rgba(12,113,195,0.55) 100%&#8221; background_color_gradient_overlays_image=&#8221;on&#8221; background_color_gradient_start=&#8221;#ffffff&#8221; background_color_gradient_end=&#8221;#ededed&#8221; background_image=&#8221;https:\/\/plastcom.pl\/wp-content\/uploads\/2023\/11\/bg8.jpg&#8221; custom_margin=&#8221;0px||0px||true|false&#8221; custom_padding=&#8221;||34px||false|false&#8221; bottom_divider_style=&#8221;curve&#8221; bottom_divider_color=&#8221;#FFFFFF&#8221; global_colors_info=&#8221;{}&#8221;][et_pb_row _builder_version=&#8221;4.16&#8243; _module_preset=&#8221;default&#8221; custom_margin=&#8221;0px||0px||true|false&#8221; custom_padding=&#8221;0px||0px||true|false&#8221; global_colors_info=&#8221;{}&#8221;][et_pb_column type=&#8221;4_4&#8243; _builder_version=&#8221;4.16&#8243; _module_preset=&#8221;default&#8221; global_colors_info=&#8221;{}&#8221;][et_pb_post_title meta=&#8221;off&#8221; featured_image=&#8221;off&#8221; _builder_version=&#8221;4.22.1&#8243; _module_preset=&#8221;default&#8221; title_font=&#8221;|||on|||||&#8221; title_text_align=&#8221;center&#8221; title_text_color=&#8221;#FFFFFF&#8221; meta_text_align=&#8221;center&#8221; background_enable_image=&#8221;off&#8221; background_size=&#8221;initial&#8221; custom_padding=&#8221;150px||150px||true|false&#8221; custom_padding_tablet=&#8221;120px||120px||true|false&#8221; custom_padding_phone=&#8221;50px||50px||true|false&#8221; custom_padding_last_edited=&#8221;on|phone&#8221; title_text_shadow_style=&#8221;preset1&#8243; title_text_shadow_color=&#8221;rgba(0,0,0,0.11)&#8221; global_colors_info=&#8221;{}&#8221;][\/et_pb_post_title][\/et_pb_column][\/et_pb_row][\/et_pb_section][et_pb_section fb_built=&#8221;1&#8243; _builder_version=&#8221;4.16&#8243; custom_padding=&#8221;||105px|||&#8221; global_colors_info=&#8221;{}&#8221;][et_pb_row column_structure=&#8221;1_2,1_2&#8243; _builder_version=&#8221;4.16&#8243; background_size=&#8221;initial&#8221; background_position=&#8221;top_left&#8221; background_repeat=&#8221;repeat&#8221; global_colors_info=&#8221;{}&#8221;][et_pb_column type=&#8221;1_2&#8243; _builder_version=&#8221;4.16&#8243; custom_padding=&#8221;|||&#8221; global_colors_info=&#8221;{}&#8221; custom_padding__hover=&#8221;|||&#8221;][et_pb_text ul_type=&#8221;circle&#8221; _builder_version=&#8221;4.22.1&#8243; text_font_size=&#8221;15px&#8221; text_line_height=&#8221;1.8em&#8221; ul_font_size=&#8221;18px&#8221; ul_line_height=&#8221;2em&#8221; header_2_font=&#8221;|800|||||||&#8221; header_2_font_size=&#8221;40px&#8221; header_2_line_height=&#8221;2em&#8221; header_6_font_size=&#8221;18px&#8221; header_6_line_height=&#8221;1.8em&#8221; custom_padding=&#8221;92px|||||&#8221; header_2_text_shadow_style=&#8221;preset1&#8243; header_2_text_shadow_vertical_length=&#8221;0.01em&#8221; global_colors_info=&#8221;{}&#8221;]<\/p>\n<h2>Szanowni Pa\u0144stwo<\/h2>\n<p>W zwi\u0105zku z realizacj\u0105 projektu: \u201e<strong>Rozw\u00f3j potencja\u0142u rynkowego przedsi\u0119biorstwa poprzez uruchomienie nowoczesnych us\u0142ug telekomunikacyjnych na rynku regionalnym i krajowym<\/strong>\u201d \u2013 przedstawiamy Pa\u0144stwu now\u0105 innowacyjn\u0105 us\u0142ug\u0119.<\/p>\n<p>&nbsp;<\/p>\n<p>[\/et_pb_text][\/et_pb_column][et_pb_column type=&#8221;1_2&#8243; _builder_version=&#8221;4.16&#8243; custom_padding=&#8221;|||&#8221; global_colors_info=&#8221;{}&#8221; custom_padding__hover=&#8221;|||&#8221;][et_pb_image src=&#8221;https:\/\/plastcom.pl\/wp-content\/uploads\/2023\/11\/2.jpg&#8221; title_text=&#8221;2&#8243; _builder_version=&#8221;4.22.1&#8243; _module_preset=&#8221;default&#8221; box_shadow_style=&#8221;preset3&#8243; global_colors_info=&#8221;{}&#8221;][\/et_pb_image][\/et_pb_column][\/et_pb_row][et_pb_row column_structure=&#8221;1_2,1_2&#8243; _builder_version=&#8221;4.22.1&#8243; background_size=&#8221;initial&#8221; background_position=&#8221;top_left&#8221; background_repeat=&#8221;repeat&#8221; global_colors_info=&#8221;{}&#8221;][et_pb_column type=&#8221;1_2&#8243; _builder_version=&#8221;4.16&#8243; custom_padding=&#8221;|||&#8221; global_colors_info=&#8221;{}&#8221; custom_padding__hover=&#8221;|||&#8221;][et_pb_image src=&#8221;https:\/\/plastcom.pl\/wp-content\/uploads\/2023\/11\/10.jpg&#8221; title_text=&#8221;10&#8243; _builder_version=&#8221;4.22.1&#8243; _module_preset=&#8221;default&#8221; box_shadow_style=&#8221;preset3&#8243; global_colors_info=&#8221;{}&#8221;][\/et_pb_image][\/et_pb_column][et_pb_column type=&#8221;1_2&#8243; _builder_version=&#8221;4.16&#8243; custom_padding=&#8221;|||&#8221; global_colors_info=&#8221;{}&#8221; custom_padding__hover=&#8221;|||&#8221;][et_pb_text ul_type=&#8221;circle&#8221; _builder_version=&#8221;4.22.1&#8243; text_font_size=&#8221;15px&#8221; text_line_height=&#8221;1.8em&#8221; ul_font_size=&#8221;18px&#8221; ul_line_height=&#8221;2em&#8221; header_2_font=&#8221;|800|||||||&#8221; header_2_font_size=&#8221;40px&#8221; header_2_line_height=&#8221;1.2em&#8221; header_6_font_size=&#8221;18px&#8221; header_6_line_height=&#8221;1.8em&#8221; custom_padding=&#8221;92px|||||&#8221; header_2_text_shadow_style=&#8221;preset1&#8243; header_2_text_shadow_vertical_length=&#8221;0.01em&#8221; global_colors_info=&#8221;{}&#8221;]<\/p>\n<h2>Mobilne Pogotowie \u015awiat\u0142owodowo-Techniczne<\/h2>\n<p>Dzi\u0119ki zestawowi maszyn i urz\u0105dze\u0144 nasi pracownicy mog\u0105 samodzielnie budowa\u0107 i naprawia\u0107 instalacj\u0119 teletechniczn\u0105, w tym \u015bwiat\u0142owodow\u0105 oraz tworzy\u0107 projekty teletechniczne umo\u017cliwiaj\u0105ce zaci\u0105g okablowania w kanalizacji.<a href=\"tel:587405052\"><\/a><\/p>\n<p>[\/et_pb_text][\/et_pb_column][\/et_pb_row][et_pb_row _builder_version=&#8221;4.16&#8243; background_size=&#8221;initial&#8221; background_position=&#8221;top_left&#8221; background_repeat=&#8221;repeat&#8221; global_colors_info=&#8221;{}&#8221;][et_pb_column type=&#8221;4_4&#8243; _builder_version=&#8221;4.16&#8243; custom_padding=&#8221;|||&#8221; global_colors_info=&#8221;{}&#8221; custom_padding__hover=&#8221;|||&#8221;][et_pb_text ul_type=&#8221;circle&#8221; _builder_version=&#8221;4.22.1&#8243; text_font_size=&#8221;15px&#8221; text_line_height=&#8221;1.8em&#8221; ul_font_size=&#8221;18px&#8221; ul_line_height=&#8221;2em&#8221; header_2_font=&#8221;|800|||||||&#8221; header_2_font_size=&#8221;40px&#8221; header_2_line_height=&#8221;1.2em&#8221; header_6_font_size=&#8221;18px&#8221; header_6_line_height=&#8221;1.8em&#8221; custom_padding=&#8221;2px|||||&#8221; header_2_text_shadow_style=&#8221;preset1&#8243; header_2_text_shadow_vertical_length=&#8221;0.01em&#8221; global_colors_info=&#8221;{}&#8221;]<\/p>\n<h2 style=\"text-align: center;\">Mobilne Pogotowie \u015awiat\u0142owodowo-Techniczne <br \/>to mi\u0119dzy innymi:<\/h2>\n<p>[\/et_pb_text][\/et_pb_column][\/et_pb_row][et_pb_row column_structure=&#8221;1_3,1_3,1_3&#8243; _builder_version=&#8221;4.16&#8243; background_size=&#8221;initial&#8221; background_position=&#8221;top_left&#8221; background_repeat=&#8221;repeat&#8221; global_colors_info=&#8221;{}&#8221;][et_pb_column type=&#8221;1_3&#8243; _builder_version=&#8221;4.16&#8243; custom_padding=&#8221;|||&#8221; global_colors_info=&#8221;{}&#8221; custom_padding__hover=&#8221;|||&#8221;][et_pb_image src=&#8221;https:\/\/plastcom.pl\/wp-content\/uploads\/2023\/11\/5.jpg&#8221; title_text=&#8221;5&#8243; _builder_version=&#8221;4.22.1&#8243; _module_preset=&#8221;default&#8221; box_shadow_style=&#8221;preset3&#8243; global_colors_info=&#8221;{}&#8221;][\/et_pb_image][et_pb_text ul_type=&#8221;circle&#8221; _builder_version=&#8221;4.22.1&#8243; text_font_size=&#8221;15px&#8221; text_line_height=&#8221;1.8em&#8221; ul_font_size=&#8221;18px&#8221; ul_line_height=&#8221;1.6em&#8221; header_2_font=&#8221;|800|||||||&#8221; header_2_font_size=&#8221;40px&#8221; header_2_line_height=&#8221;2em&#8221; header_6_font_size=&#8221;18px&#8221; header_6_line_height=&#8221;1.8em&#8221; custom_padding=&#8221;40px|||||&#8221; header_2_text_shadow_style=&#8221;preset1&#8243; header_2_text_shadow_vertical_length=&#8221;0.01em&#8221; global_colors_info=&#8221;{}&#8221;]<\/p>\n<ul>\n<li>naprawa i diagnozowanie usterek sprz\u0119tu teleinformatycznego<\/li>\n<li>budowa i naprawa sieci telekomunikacyjnej w tym \u015bwiat\u0142owodowej<\/li>\n<li>spawanie \u015bwiat\u0142owod\u00f3w<\/li>\n<li>wykonywanie pomiar\u00f3w mocy optycznej jak r\u00f3wnie\u017c pomiary reflektometrem<a href=\"tel:587405052\"><\/a><\/li>\n<\/ul>\n<p>[\/et_pb_text][\/et_pb_column][et_pb_column type=&#8221;1_3&#8243; _builder_version=&#8221;4.16&#8243; custom_padding=&#8221;|||&#8221; global_colors_info=&#8221;{}&#8221; custom_padding__hover=&#8221;|||&#8221;][et_pb_image src=&#8221;https:\/\/plastcom.pl\/wp-content\/uploads\/2023\/11\/6.jpg&#8221; title_text=&#8221;6&#8243; _builder_version=&#8221;4.22.1&#8243; _module_preset=&#8221;default&#8221; box_shadow_style=&#8221;preset3&#8243; global_colors_info=&#8221;{}&#8221;][\/et_pb_image][et_pb_text ul_type=&#8221;circle&#8221; _builder_version=&#8221;4.22.1&#8243; text_font_size=&#8221;15px&#8221; text_line_height=&#8221;1.8em&#8221; ul_font_size=&#8221;18px&#8221; ul_line_height=&#8221;1.6em&#8221; header_2_font=&#8221;|800|||||||&#8221; header_2_font_size=&#8221;40px&#8221; header_2_line_height=&#8221;2em&#8221; header_6_font_size=&#8221;18px&#8221; header_6_line_height=&#8221;1.8em&#8221; custom_padding=&#8221;40px|||||&#8221; header_2_text_shadow_style=&#8221;preset1&#8243; header_2_text_shadow_vertical_length=&#8221;0.01em&#8221; global_colors_info=&#8221;{}&#8221;]<\/p>\n<ul>\n<li>wykonywanie przy\u0142\u0105czy telekomunikacyjnych<\/li>\n<li>diagnostyka i usuwanie awarii oraz uszkodze\u0144 fizycznych infrastruktury teletechnicznej<\/li>\n<li>nadz\u00f3r i okresowe przegl\u0105dy sieci telekomunikacyjnej w tym \u015bwiat\u0142owodowej<\/li>\n<li>konserwacja i administracja system\u00f3w komutacyjnych i sieci teleinformatycznych<a href=\"tel:587405052\"><\/a><\/li>\n<\/ul>\n<p>[\/et_pb_text][\/et_pb_column][et_pb_column type=&#8221;1_3&#8243; _builder_version=&#8221;4.16&#8243; custom_padding=&#8221;|||&#8221; global_colors_info=&#8221;{}&#8221; custom_padding__hover=&#8221;|||&#8221;][et_pb_image src=&#8221;https:\/\/plastcom.pl\/wp-content\/uploads\/2023\/11\/7.jpg&#8221; title_text=&#8221;7&#8243; _builder_version=&#8221;4.22.1&#8243; _module_preset=&#8221;default&#8221; box_shadow_style=&#8221;preset3&#8243; global_colors_info=&#8221;{}&#8221;][\/et_pb_image][et_pb_text ul_type=&#8221;circle&#8221; _builder_version=&#8221;4.22.1&#8243; text_font_size=&#8221;15px&#8221; text_line_height=&#8221;1.8em&#8221; ul_font_size=&#8221;18px&#8221; ul_line_height=&#8221;1.6em&#8221; header_2_font=&#8221;|800|||||||&#8221; header_2_font_size=&#8221;40px&#8221; header_2_line_height=&#8221;2em&#8221; header_6_font_size=&#8221;18px&#8221; header_6_line_height=&#8221;1.8em&#8221; custom_padding=&#8221;40px|||||&#8221; header_2_text_shadow_style=&#8221;preset1&#8243; header_2_text_shadow_vertical_length=&#8221;0.01em&#8221; global_colors_info=&#8221;{}&#8221;]<\/p>\n<ul>\n<li>porady i konsultacje techniczne przy rozbudowach i modernizacji system\u00f3w i sieci teleinformatycznych<\/li>\n<li>tworzenie projekt\u00f3w teletechnicznych umo\u017cliwiaj\u0105cych zaci\u0105g okablowania w kanalizacji<\/li>\n<li>monta\u017c splitter\u00f3w i muf \u015bwiat\u0142owodowych<a href=\"tel:587405052\"><\/a><\/li>\n<\/ul>\n<p>[\/et_pb_text][\/et_pb_column][\/et_pb_row][et_pb_row column_structure=&#8221;1_2,1_2&#8243; _builder_version=&#8221;4.16&#8243; background_size=&#8221;initial&#8221; background_position=&#8221;top_left&#8221; background_repeat=&#8221;repeat&#8221; custom_padding=&#8221;||69px|||&#8221; global_colors_info=&#8221;{}&#8221;][et_pb_column type=&#8221;1_2&#8243; _builder_version=&#8221;4.16&#8243; custom_padding=&#8221;|||&#8221; global_colors_info=&#8221;{}&#8221; custom_padding__hover=&#8221;|||&#8221;][et_pb_text ul_type=&#8221;circle&#8221; _builder_version=&#8221;4.22.1&#8243; text_font_size=&#8221;15px&#8221; text_line_height=&#8221;1.8em&#8221; ul_font_size=&#8221;18px&#8221; ul_line_height=&#8221;2em&#8221; header_2_font=&#8221;|800|||||||&#8221; header_2_font_size=&#8221;40px&#8221; header_2_line_height=&#8221;2em&#8221; header_6_font_size=&#8221;18px&#8221; header_6_line_height=&#8221;1.8em&#8221; custom_padding=&#8221;104px|||||&#8221; hover_enabled=&#8221;0&#8243; header_2_text_shadow_style=&#8221;preset1&#8243; header_2_text_shadow_vertical_length=&#8221;0.01em&#8221; global_colors_info=&#8221;{}&#8221; sticky_enabled=&#8221;0&#8243;]<\/p>\n<h3 style=\"text-align: center;\">Powy\u017cszy katalog nie wyczerpuje naszych mo\u017cliwo\u015bci.<br \/>Serdecznie zapraszamy do kontaktu<\/h3>\n<p style=\"text-align: center;\"><a href=\"https:\/\/plastcom.pl\/pliki\/CENNIK-MPST.pdf\">Cennik us\u0142ug Mobilnego Pogotowia \u015awiat\u0142owodowo-Technicznego<\/a><\/p>\n<p>[\/et_pb_text][\/et_pb_column][et_pb_column type=&#8221;1_2&#8243; _builder_version=&#8221;4.16&#8243; custom_padding=&#8221;|||&#8221; global_colors_info=&#8221;{}&#8221; custom_padding__hover=&#8221;|||&#8221;][et_pb_image src=&#8221;https:\/\/plastcom.pl\/wp-content\/uploads\/2023\/11\/8.jpg&#8221; title_text=&#8221;8&#8243; _builder_version=&#8221;4.22.1&#8243; _module_preset=&#8221;default&#8221; box_shadow_style=&#8221;preset3&#8243; global_colors_info=&#8221;{}&#8221;][\/et_pb_image][\/et_pb_column][\/et_pb_row][et_pb_row _builder_version=&#8221;4.22.1&#8243; background_color=&#8221;#000000&#8243; background_image=&#8221;https:\/\/plastcom.pl\/wp-content\/uploads\/2023\/11\/2.jpg&#8221; background_size=&#8221;initial&#8221; background_position=&#8221;top_left&#8221; background_repeat=&#8221;repeat&#8221; custom_padding=&#8221;55px||55px|||&#8221; box_shadow_style=&#8221;preset3&#8243; global_colors_info=&#8221;{}&#8221;][et_pb_column type=&#8221;4_4&#8243; _builder_version=&#8221;4.16&#8243; custom_padding=&#8221;|||&#8221; global_colors_info=&#8221;{}&#8221; custom_padding__hover=&#8221;|||&#8221;][et_pb_text _builder_version=&#8221;4.22.1&#8243; text_font=&#8221;Trebuchet|300|||||||&#8221; text_font_size=&#8221;17px&#8221; text_line_height=&#8221;1.8em&#8221; header_2_font_size=&#8221;30px&#8221; background_size=&#8221;initial&#8221; background_position=&#8221;top_left&#8221; background_repeat=&#8221;repeat&#8221; background_layout=&#8221;dark&#8221; custom_margin=&#8221;2px|||||&#8221; text_text_shadow_style=&#8221;preset3&#8243; global_colors_info=&#8221;{}&#8221;]<\/p>\n<p style=\"text-align: center;\">Masz pomys\u0142 na sie\u0107? &#8211; Potrzebujesz pomocy w naprawie? &#8211; Potrzebujesz konsultacji?<br \/>Zadzwo\u0144 do nas lub Napisz. Znajdziemy rozwi\u0105zanie.<br \/>e-mail: <a href=\"mailto:pogotowie.swiatlowodowe@plastcom.pl\">pogotowie.swiatlowodowe@plastcom.pl<\/a> tel: <a href=\"tel:587405052\">58 7405052<\/a><\/p>\n<p>[\/et_pb_text][\/et_pb_column][\/et_pb_row][\/et_pb_section]<\/p>\n","protected":false},"excerpt":{"rendered":"<p>Szanowni Pa\u0144stwo W zwi\u0105zku z realizacj\u0105 projektu: \u201eRozw\u00f3j potencja\u0142u rynkowego przedsi\u0119biorstwa poprzez uruchomienie nowoczesnych us\u0142ug telekomunikacyjnych na rynku regionalnym i krajowym\u201d \u2013 przedstawiamy Pa\u0144stwu now\u0105 innowacyjn\u0105 us\u0142ug\u0119. &nbsp;Mobilne Pogotowie \u015awiat\u0142owodowo-Techniczne Dzi\u0119ki zestawowi maszyn i urz\u0105dze\u0144 nasi pracownicy mog\u0105 samodzielnie budowa\u0107 i naprawia\u0107 instalacj\u0119 teletechniczn\u0105, w tym \u015bwiat\u0142owodow\u0105 oraz tworzy\u0107 projekty teletechniczne umo\u017cliwiaj\u0105ce zaci\u0105g okablowania w [&hellip;]<\/p>\n","protected":false},"author":11,"featured_media":185181,"parent":0,"menu_order":0,"comment_status":"closed","ping_status":"closed","template":"","meta":{"_et_pb_use_builder":"on","_et_pb_old_content":"<p>Szanowni Pa\u0144stwo.<\/p><p>W zwi\u0105zku z realizacj\u0105 projektu: \"Rozw\u00f3j potencja\u0142u rynkowego przedsi\u0119biorstwa poprzez uruchomienie nowoczesnych us\u0142ug telekomunikacyjnych na rynku regionalnym i krajowym\" - przedstawiamy Pa\u0144stwu us\u0142ug\u0119<\/p><p>Mobilnego Pogotowia \u015awiat\u0142owodowo-Technicznego<\/p><p>Dzi\u0119ki zestawowi maszyn i urz\u0105dze\u0144 nasi pracownicy mog\u0105 samodzielnie budowa\u0107 i naprawia\u0107 instalacj\u0119 teletechniczn\u0105 w tym \u015bwiat\u0142owodow\u0105 oraz tworzy\u0107 projekty teletechniczne umo\u017cliwiaj\u0105ce zaci\u0105g okablowania w kanalizacji.<\/p><p>Zakres oferowanej us\u0142ugi jest szeroki a ceny uzale\u017cnione od stopnia z\u0142o\u017cono\u015bci zlecenia.<\/p><p>W ramach Mobilnego Pogotowia \u015awiat\u0142owodowo-Technicznego oferowana jest mi\u0119dzy innymi:<\/p><p>a) naprawa i diagnozowanie usterek sprz\u0119tu teleinformatycznego<br \/>b) budowa i naprawa sieci telekomunikacyjnej w tym \u015bwiat\u0142owodowej<br \/>c) spawanie \u015bwiat\u0142owod\u00f3w<br \/>d) wykonywanie pomiar\u00f3w mocy optycznej, jak r\u00f3wnie\u017c pomiary reflektometrem<br \/>e) wykonywanie przy\u0142\u0105czy telekomunikacyjnych<br \/>f) diagnostyka i usuwanie awarii oraz uszkodze\u0144 fizycznych infrastruktury teletechnicznej<br \/>g) nadz\u00f3r i okresowe przegl\u0105dy sieci telekomunikacyjnej w tym \u015bwiat\u0142owodowej<br \/>h) konserwacja i administracja system\u00f3w komutacyjnych i sieci teleinformatycznych,<br \/>i)\u00a0 porady i konsultacje techniczne przy rozbudowach i modernizacji system\u00f3w i sieci teleinformatycznych,<br \/>j)\u00a0 tworzenie projekt\u00f3w teletechnicznych umo\u017cliwiaj\u0105cych zaci\u0105g okablowania w kanalizacji.<br \/>k) monta\u017c splitter\u00f3w i muf \u015bwiat\u0142owodowych<\/p><p>Powy\u017cszy katalog nie wyczerpuje naszych mo\u017cliwo\u015bci - Serdecznie zapraszamy do kontaktu.<br \/>Poni\u017cej prezentujemy przyk\u0142adowy cennik naszych us\u0142ug:<\/p><p>Cennik us\u0142ug Mobilnego Pogotowia \u015awiat\u0142owodowo-Technicznego - \"tutaj link do na razie pustego pliku pobieranego z katalogu g\u0142\u00f3wnego.\"<\/p><p>Proponowane ceny s\u0105 baz\u0105 do dalszych ustale\u0144.<\/p><p>Masz pomys\u0142 na sie\u0107? - Potrzebujesz pomocy w naprawie? - Potrzebujesz konsultacji?<br \/>Zadzwo\u0144 do nas lub Napisz. Znajdziemy rozwi\u0105zanie.<br \/>e-mail:\u00a0<a href=\"mailto:marcin.skucha@plastcom.pl\" target=\"_blank\" rel=\"noopener\">marcin.skucha@plastcom.pl<\/a>\u00a0tel: 58 7405052<\/p>","_et_gb_content_width":"","footnotes":""},"class_list":["post-185170","page","type-page","status-publish","has-post-thumbnail","hentry"],"jetpack_sharing_enabled":true,"_links":{"self":[{"href":"https:\/\/plastcom.pl\/index.php?rest_route=\/wp\/v2\/pages\/185170","targetHints":{"allow":["GET"]}}],"collection":[{"href":"https:\/\/plastcom.pl\/index.php?rest_route=\/wp\/v2\/pages"}],"about":[{"href":"https:\/\/plastcom.pl\/index.php?rest_route=\/wp\/v2\/types\/page"}],"author":[{"embeddable":true,"href":"https:\/\/plastcom.pl\/index.php?rest_route=\/wp\/v2\/users\/11"}],"replies":[{"embeddable":true,"href":"https:\/\/plastcom.pl\/index.php?rest_route=%2Fwp%2Fv2%2Fcomments&post=185170"}],"version-history":[{"count":29,"href":"https:\/\/plastcom.pl\/index.php?rest_route=\/wp\/v2\/pages\/185170\/revisions"}],"predecessor-version":[{"id":185221,"href":"https:\/\/plastcom.pl\/index.php?rest_route=\/wp\/v2\/pages\/185170\/revisions\/185221"}],"wp:featuredmedia":[{"embeddable":true,"href":"https:\/\/plastcom.pl\/index.php?rest_route=\/wp\/v2\/media\/185181"}],"wp:attachment":[{"href":"https:\/\/plastcom.pl\/index.php?rest_route=%2Fwp%2Fv2%2Fmedia&parent=185170"}],"curies":[{"name":"wp","href":"https:\/\/api.w.org\/{rel}","templated":true}]}}