{"id":506,"date":"2010-10-27T11:14:38","date_gmt":"2010-10-27T11:14:38","guid":{"rendered":"http:\/\/plastcom.pl\/?page_id=506"},"modified":"2025-02-16T06:26:55","modified_gmt":"2025-02-16T06:26:55","slug":"promocje","status":"publish","type":"page","link":"https:\/\/plastcom.pl\/?page_id=506","title":{"rendered":"Najlepsze promocje!"},"content":{"rendered":"<p>[et_pb_section fb_built=&#8221;1&#8243; _builder_version=&#8221;4.16&#8243; _dynamic_attributes=&#8221;background_image&#8221; _module_preset=&#8221;default&#8221; background_color=&#8221;#FFFFFF&#8221; use_background_color_gradient=&#8221;on&#8221; background_color_gradient_stops=&#8221;#ffffff 0%|#ededed 100%&#8221; background_color_gradient_start=&#8221;#ffffff&#8221; background_color_gradient_end=&#8221;#ededed&#8221; background_image=&#8221;@ET-DC@eyJkeW5hbWljIjp0cnVlLCJjb250ZW50IjoicG9zdF9mZWF0dXJlZF9pbWFnZSIsInNldHRpbmdzIjp7fX0=@&#8221; custom_margin=&#8221;0px||0px||true|false&#8221; custom_padding=&#8221;||34px||false|false&#8221; bottom_divider_style=&#8221;curve&#8221; bottom_divider_color=&#8221;#FFFFFF&#8221; global_colors_info=&#8221;{}&#8221;][et_pb_row _builder_version=&#8221;4.16&#8243; _module_preset=&#8221;default&#8221; custom_margin=&#8221;0px||0px||true|false&#8221; custom_padding=&#8221;0px||0px||true|false&#8221; global_colors_info=&#8221;{}&#8221;][et_pb_column type=&#8221;4_4&#8243; _builder_version=&#8221;4.16&#8243; _module_preset=&#8221;default&#8221; global_colors_info=&#8221;{}&#8221;][et_pb_post_title meta=&#8221;off&#8221; featured_image=&#8221;off&#8221; _builder_version=&#8221;4.16&#8243; _module_preset=&#8221;default&#8221; title_font=&#8221;|||on|||||&#8221; title_text_align=&#8221;center&#8221; title_text_color=&#8221;#FFFFFF&#8221; meta_text_align=&#8221;center&#8221; background_enable_image=&#8221;off&#8221; background_size=&#8221;initial&#8221; custom_padding=&#8221;150px||150px||true|false&#8221; custom_padding_tablet=&#8221;120px||120px||true|false&#8221; custom_padding_phone=&#8221;50px||50px||true|false&#8221; custom_padding_last_edited=&#8221;on|phone&#8221; title_text_shadow_style=&#8221;preset1&#8243; title_text_shadow_color=&#8221;rgba(0,0,0,0.11)&#8221; global_colors_info=&#8221;{}&#8221;][\/et_pb_post_title][\/et_pb_column][\/et_pb_row][\/et_pb_section][et_pb_section fb_built=&#8221;1&#8243; _builder_version=&#8221;4.16&#8243; global_colors_info=&#8221;{}&#8221;][et_pb_row column_structure=&#8221;2_3,1_3&#8243; _builder_version=&#8221;4.16&#8243; background_size=&#8221;initial&#8221; background_position=&#8221;top_left&#8221; background_repeat=&#8221;repeat&#8221; global_colors_info=&#8221;{}&#8221;][et_pb_column type=&#8221;2_3&#8243; _builder_version=&#8221;4.16&#8243; custom_padding=&#8221;|||&#8221; global_colors_info=&#8221;{}&#8221; custom_padding__hover=&#8221;|||&#8221;][et_pb_text _builder_version=&#8221;4.23.4&#8243; background_size=&#8221;initial&#8221; background_position=&#8221;top_left&#8221; background_repeat=&#8221;repeat&#8221; hover_enabled=&#8221;0&#8243; global_colors_info=&#8221;{}&#8221; sticky_enabled=&#8221;0&#8243;]<\/p>\n<p><!--more--><\/p>\n\n\t\t\t<div class='tabs-left et_sliderfx_fade et_sliderauto_true et_sliderauto_speed_5000 et_slidertype_left_tabs clearfix'>\n\t\t\t\t<div class='et_left_tabs_bg'><\/div>\n\t\t\t\t<ul class='et-tabs-control'>\n\t\t\t<li><a href='#'>\n\t\t\tINTERNET\n\t\t<\/a><\/li>\n\t\t<li><a href='#'>\n\t\t\tTELEFON\n\t\t<\/a><\/li>\n\t\t<li><a href='#'>\n\t\t\tTV Cyfrowa\n\t\t<\/a><\/li>\n\t\t<\/ul><\/p>\n<p>\n\t\t<div class='et-tabs-content'>\n\t\t\t<div class='et-tabs-content-main-wrap'>\n\t\t\t\t<div class='et-tabs-content-wrapper'>\n\t\t\t\t\t<div class='et_slidecontent'>\n\t\t\t<ul>\n<li>abonamenty ju\u017c od 49,90 z\u0142<\/li>\n<li>pr\u0119dko\u015bci do 1000 Mbit\u00f3w<\/li>\n<li>instalacja od 1 z\u0142<\/li>\n<li>najwi\u0119kszy operator w okolicy<\/li>\n<li>brak limit\u00f3w \u015bci\u0105gania danych<\/li>\n<li>serwis i pomoc na miejscu<\/li>\n<li>tak\u017ce wieczorem i w weekendy<\/li>\n<\/ul>\n\t\t<\/div>\n\t\t<div class='et_slidecontent'>\n\t\t\t<ul>\n<li>telefon od 14 z\u0142 miesi\u0119cznie<\/li>\n<li>600 sekund na rozmowy lokalne<\/li>\n<li>naliczanie sekundowe<\/li>\n<li>minuta rozmowy 8 groszy netto<\/li>\n<li>rozmowy za granic\u0119 np. Niemcy,USA) od 15 groszy netto<\/li>\n<li>rozmowy wewn\u0105trz sieci gratis<\/li>\n<\/ul>\n\t\t<\/div>\n\t\t<div class='et_slidecontent'>\n\t\t\t<ul>\n<li>kana\u0142y w super jako\u015bci HD I 4K<\/li>\n<li>korzystny abonament<\/li>\n<li>atrakcyjne pakiety: HBO,CANAL+,Flimbox, Cinemax i inne<\/li>\n<li>wypo\u017cyczalnia film\u00f3w<\/li>\n<li>mo\u017cliwo\u015b\u0107 nagrywania<\/li>\n<li>Tylko Kabel &#8211; \u017cadne Talerze !!!<\/li>\n<\/ul>\n\t\t<\/div>\n\t\t\t\t<\/div>\n\t\t\t<\/div>\n\t\t<\/div>\n\t\t\t<\/div>\n<p>&nbsp;<\/p>\n<p><b>Przedstawiona informacja, nie stanowi oferty handlowej w rozumieniu art. 66 par. 1 Kodeksu Cywilnego.<br \/>Materia\u0142 reklamowy nie zawiera informacji o szczeg\u00f3\u0142owych warunkach \u015bwiadczenia us\u0142ug i ich dost\u0119pno\u015bci.<br \/>Oferta ograniczona czasowo i terytorialnie.<\/b><\/p>\n<p>Wi\u0119cej informacji w Biurze Obs\u0142ugi Klienta, pod numerem telefonu 58 7405050 lub mailowo\u00a0<a href=\"mailto:bok@plastcom.pl\" target=\"_blank\" rel=\"noopener\">bok@plastcom.pl<\/a><\/p>\n<p>[\/et_pb_text][\/et_pb_column][et_pb_column type=&#8221;1_3&#8243; _builder_version=&#8221;4.16&#8243; custom_padding=&#8221;|||&#8221; global_colors_info=&#8221;{}&#8221; custom_padding__hover=&#8221;|||&#8221;][et_pb_sidebar _builder_version=&#8221;4.17.6&#8243; _module_preset=&#8221;default&#8221; custom_padding=&#8221;10px|20px|10px|20px|true|true&#8221; box_shadow_style=&#8221;preset1&#8243; global_colors_info=&#8221;{}&#8221;][\/et_pb_sidebar][\/et_pb_column][\/et_pb_row][\/et_pb_section]<\/p>\n","protected":false},"excerpt":{"rendered":"<p>\n\t\t\t<div class='tabs-left et_sliderfx_fade et_sliderauto_true et_sliderauto_speed_5000 et_slidertype_left_tabs clearfix'>\n\t\t\t\t<div class='et_left_tabs_bg'><\/div>\n\t\t\t\t\n\t\t\t<\/div>\n\t\t<ul class='et-tabs-control'>\n\t\t\t<li><a href='#'>\n\t\t\tINTERNET\n\t\t<\/a><\/li>\n\t\t<li><a href='#'>\n\t\t\tTELEFON\n\t\t<\/a><\/li>\n\t\t<li><a href='#'>\n\t\t\tTV Cyfrowa\n\t\t<\/a><\/li>\n\t\t<\/ul> \n\t\t<div class='et-tabs-content'>\n\t\t\t<div class='et-tabs-content-main-wrap'>\n\t\t\t\t<div class='et-tabs-content-wrapper'>\n\t\t\t\t\t\n\t\t\t\t<\/div>\n\t\t\t<\/div>\n\t\t<\/div>\n\t\t<div class='et_slidecontent'>\n\t\t\tabonamenty ju\u017c od 49,90 z\u0142 pr\u0119dko\u015bci do 1000 Mbit\u00f3w instalacja od 1 z\u0142 najwi\u0119kszy operator w okolicy brak limit\u00f3w \u015bci\u0105gania danych serwis i pomoc na miejscu tak\u017ce wieczorem i w weekendy\n\t\t<\/div>\n\t\t<div class='et_slidecontent'>\n\t\t\t\n\t\t<\/div> telefon od 14 z\u0142 miesi\u0119cznie 600 sekund na rozmowy lokalne naliczanie [&hellip;]<\/p>\n","protected":false},"author":11,"featured_media":110928,"parent":0,"menu_order":0,"comment_status":"closed","ping_status":"closed","template":"","meta":{"_et_pb_use_builder":"on","_et_pb_old_content":"<p><!--more--><\/p><p>[tabs slidertype=\"left tabs\" auto=\"on\"]<br \/>[tabcontainer]<br \/>[tabtext] INTERNET [\/tabtext]<br \/>[tabtext] TELEFON [\/tabtext]<br \/>[tabtext] TV Cyfrowa [\/tabtext]<br \/>[\/tabcontainer]<\/p><p>[tabcontent]<br \/>[tab]<\/p><ul><li>abonamenty ju\u017c od 49,90 z\u0142<\/li><li>pr\u0119dko\u015bci do 1000 Mbit\u00f3w<\/li><li>instalacja od 1 z\u0142<\/li><li>najwi\u0119kszy operator w okolicy<\/li><li>brak limit\u00f3w \u015bci\u0105gania danych<\/li><li>serwis i pomoc na miejscu<\/li><li>tak\u017ce wieczorem i w weekendy<\/li><\/ul><p>[\/tab]<br \/>[tab]<\/p><ul><li>telefon od 14 z\u0142 miesi\u0119cznie<\/li><li>600 sekund na rozmowy lokalne<\/li><li>naliczanie sekundowe<\/li><li>minuta rozmowy 8 groszy netto<\/li><li>rozmowy za granic\u0119 np. Niemcy,<br \/>USA) od 15 groszy netto<\/li><li>rozmowy wewn\u0105trz sieci gratis<\/li><\/ul><p>[\/tab]<br \/>[tab]<\/p><ul><li>kana\u0142y w super jako\u015bci HD I 4K<\/li><li>korzystny abonament<\/li><li>atrakcyjne pakiety: HBO,CANAL+,Flimbox, Cinemax i inne<\/li><li>wypo\u017cyczalnia film\u00f3w<\/li><li>mo\u017cliwo\u015b\u0107 nagrywania<\/li><li>Tylko Kabel - \u017cadne Talerze !!!<\/li><\/ul><p>[\/tab]<br \/>[\/tabcontent]<br \/>[\/tabs]<\/p>","_et_gb_content_width":"","footnotes":""},"class_list":["post-506","page","type-page","status-publish","has-post-thumbnail","hentry"],"jetpack_sharing_enabled":true,"_links":{"self":[{"href":"https:\/\/plastcom.pl\/index.php?rest_route=\/wp\/v2\/pages\/506","targetHints":{"allow":["GET"]}}],"collection":[{"href":"https:\/\/plastcom.pl\/index.php?rest_route=\/wp\/v2\/pages"}],"about":[{"href":"https:\/\/plastcom.pl\/index.php?rest_route=\/wp\/v2\/types\/page"}],"author":[{"embeddable":true,"href":"https:\/\/plastcom.pl\/index.php?rest_route=\/wp\/v2\/users\/11"}],"replies":[{"embeddable":true,"href":"https:\/\/plastcom.pl\/index.php?rest_route=%2Fwp%2Fv2%2Fcomments&post=506"}],"version-history":[{"count":12,"href":"https:\/\/plastcom.pl\/index.php?rest_route=\/wp\/v2\/pages\/506\/revisions"}],"predecessor-version":[{"id":185297,"href":"https:\/\/plastcom.pl\/index.php?rest_route=\/wp\/v2\/pages\/506\/revisions\/185297"}],"wp:featuredmedia":[{"embeddable":true,"href":"https:\/\/plastcom.pl\/index.php?rest_route=\/wp\/v2\/media\/110928"}],"wp:attachment":[{"href":"https:\/\/plastcom.pl\/index.php?rest_route=%2Fwp%2Fv2%2Fmedia&parent=506"}],"curies":[{"name":"wp","href":"https:\/\/api.w.org\/{rel}","templated":true}]}}