{"id":70131,"date":"2020-09-22T07:12:53","date_gmt":"2020-09-22T07:12:53","guid":{"rendered":"http:\/\/plastcom.pl\/?page_id=70131"},"modified":"2020-09-23T09:54:55","modified_gmt":"2020-09-23T09:54:55","slug":"niepelnosprawni","status":"publish","type":"page","link":"https:\/\/plastcom.pl\/?page_id=70131","title":{"rendered":"Niepe\u0142nosprawni"},"content":{"rendered":"<p><strong>INFORMACJE O UDOGODNIENIACH DLA OS\u00d3B NIEPE\u0141NOSPRAWNYCH OFEROWANYCH PRZEZ OPERATORA<\/strong><\/p>\n<p><strong>I. Cel informacji dotycz\u0105cej oferowanych przez Operator udogodnie\u0144 dla os\u00f3b niepe\u0142nosprawnych<\/strong><\/p>\n<p>Zgodnie z przepisami rozporz\u0105dzenia Ministra Administracji i Cyfryzacji z dnia 26 marca 2014 r. w sprawie szczeg\u00f3\u0142owych wymaga\u0144 dotycz\u0105cych \u015bwiadczenia udogodnie\u0144 dla os\u00f3b niepe\u0142nosprawnych przez dostawc\u00f3w publicznie dost\u0119pnych us\u0142ug telefonicznych (Dz. U. 2014 r. poz. 464, dalej: Rozporz\u0105dzenie Operator informuje o oferowanych udogodnieniach dla os\u00f3b niepe\u0142nosprawnych.<\/p>\n<p><strong>II. Informacje o udogodnieniach oferowanych przez Operatora od dnia 10 pa\u017adziernika 2014 r.<\/strong><\/p>\n<ol>\n<li>Operator udost\u0119pnia w spos\u00f3b jednoznaczny, \u0142atwy i zrozumia\u0142y w jednostkach obs\u0142uguj\u0105cych u\u017cytkownik\u00f3w ko\u0144cowych sporz\u0105dzone na papierze przy u\u017cyciu du\u017cej czcionki oraz w postaci elektronicznej w formacie tekstowym na stronie internetowej:<br \/>a) informacje o wszystkich udogodnieniach dla os\u00f3b niepe\u0142nosprawnych oferowanych przez Operator;<br \/>b) og\u00f3lne warunki umowy o \u015bwiadczenie publicznie dost\u0119pnych us\u0142ug telekomunikacyjnych oraz jej wz\u00f3r, cennik us\u0142ug telekomunikacyjnych i regulamin \u015bwiadczenia publicznie dost\u0119pnych us\u0142ug telekomunikacyjnych.<\/li>\n<li>Operator przy zawieraniu umowy o \u015bwiadczenie us\u0142ug telefonicznych oraz na ka\u017cde \u017c\u0105danie osoby niepe\u0142nosprawnej oferuje:\n<ul>\n<li>Na \u017c\u0105danie osoby niewidomej lub s\u0142abo widz\u0105cej, w terminie 30 dni od dnia z\u0142o\u017cenia \u017c\u0105dania, udost\u0119pnienie og\u00f3lnych warunk\u00f3w umowy o \u015bwiadczenie publicznie dost\u0119pnych us\u0142ug telekomunikacyjnych oraz jej wzoru, cennika us\u0142ug telekomunikacyjnych i regulaminu \u015bwiadczenia publicznie dost\u0119pnych us\u0142ug telekomunikacyjnych, sporz\u0105dzonych na no\u015bniku elektronicznym w formacie tekstowym albo na papierze w alfabecie Braille\u2019a albo przy u\u017cyciu du\u017cej czcionki, a w przypadku wysy\u0142ania poczt\u0105 elektroniczn\u0105 \u2013 w formacie tekstowym, przy czym za teksty autentyczne uznaje si\u0119 og\u00f3lne warunki, wzory um\u00f3w oraz regulaminy i cenniki przygotowane przez dostawc\u0119 publicznie dost\u0119pnych us\u0142ug telefonicznych w alfabecie \u0142aci\u0144skim.<\/li>\n<\/ul>\n<\/li>\n<li>Operator na ka\u017cde \u017c\u0105danie osoby niewidomej lub s\u0142abowidz\u0105cej b\u0119d\u0105cej stron\u0105 umowy o \u015bwiadczenie us\u0142ug telekomunikacyjnych zawartej w postaci pisemnej lub elektronicznej udost\u0119pnia:<br \/>a) informacje o danych zawartych na fakturze wraz z podstawowym wykazem wykonanych us\u0142ug telekomunikacyjnych sporz\u0105dzone na papierze w alfabecie Braille\u2019a lub przy u\u017cyciu du\u017cej czcionki, a w przypadku wysy\u0142ania poczt\u0105 elektroniczn\u0105 \u2013 w formacie tekstowym;<br \/>b) szczeg\u00f3\u0142owy wykaz wykonanych us\u0142ug telekomunikacyjnych sporz\u0105dzony na papierze przy u\u017cyciu du\u017cej czcionki, a w przypadku wysy\u0142ania poczt\u0105 elektroniczn\u0105 \u2013 w formacie tekstowym.<\/li>\n<li>W przypadku zg\u0142oszenia \u017c\u0105dania, o kt\u00f3rym mowa w pkt. 3 a) powy\u017cej:<br \/>a) przed rozpocz\u0119ciem lub w trakcie okresu rozliczeniowego, za kt\u00f3ry b\u0119dzie wystawiona faktura \u2013 Operator realizuje \u017c\u0105danie niezw\u0142ocznie po wystawieniu faktury;<br \/>b) dotycz\u0105cego okresu rozliczeniowego, za kt\u00f3ry ju\u017c zosta\u0142a wystawiona faktura Operator realizuje \u017c\u0105danie w terminie 30 dni od dnia jego zg\u0142oszenia.<\/li>\n<li>Operator na ka\u017cde \u017c\u0105danie abonenta b\u0119d\u0105cego osob\u0105 niepe\u0142nosprawn\u0105, w terminie 30 dni od dnia z\u0142o\u017cenia \u017c\u0105dania, przekazuje abonentowi informacje o oferowanych przez Operatora wszystkich udogodnieniach dla os\u00f3b niepe\u0142nosprawnych, w postaci papierowej lub w postaci elektronicznej na udost\u0119pniony w tym celu przez abonenta adres poczty elektronicznej, z zastrze\u017ceniem, \u017ce w przypadku osoby niewidomej lub s\u0142abowidz\u0105cej takie informacje powinny by\u0107 sporz\u0105dzane na papierze w alfabecie Braille\u2019a lub przy u\u017cyciu du\u017cej czcionki, a w przypadku wysy\u0142ania ich poczt\u0105 elektroniczn\u0105 \u2013 w formacie tekstowym.<\/li>\n<li>W przypadku uzasadnionych w\u0105tpliwo\u015bci dotycz\u0105cych zasadno\u015bci realizacji udogodnienia, o kt\u00f3rym mowa w pkt. 3, zwi\u0105zanych z rodzajem lub stopniem niepe\u0142nosprawno\u015bci osoby \u017c\u0105daj\u0105cej jego realizacji, osoba reprezentuj\u0105ca Operatora przed realizacj\u0105 udogodnienia ma prawo za\u017c\u0105da\u0107 okazania, do wgl\u0105du, przez osob\u0119 \u017c\u0105daj\u0105c\u0105 realizacji udogodnienia, dokumentu potwierdzaj\u0105cego niepe\u0142nosprawno\u015b\u0107 w rozumieniu ustawy z dnia 27 sierpnia 1997 r. o rehabilitacji zawodowej i spo\u0142ecznej oraz zatrudnianiu os\u00f3b niepe\u0142nosprawnych (Dz. U. z 2011 r. Nr 127, poz. 721, z p\u00f3\u017an. zm.)<\/li>\n<\/ol>\n\n\n<p><\/p>\n","protected":false},"excerpt":{"rendered":"<p>INFORMACJE O UDOGODNIENIACH DLA OS\u00d3B NIEPE\u0141NOSPRAWNYCH OFEROWANYCH PRZEZ OPERATORA I. Cel informacji dotycz\u0105cej oferowanych przez Operator udogodnie\u0144 dla os\u00f3b niepe\u0142nosprawnych Zgodnie z przepisami rozporz\u0105dzenia Ministra Administracji i Cyfryzacji z dnia 26 marca 2014 r. w sprawie szczeg\u00f3\u0142owych wymaga\u0144 dotycz\u0105cych \u015bwiadczenia udogodnie\u0144 dla os\u00f3b niepe\u0142nosprawnych przez dostawc\u00f3w publicznie dost\u0119pnych us\u0142ug telefonicznych (Dz. U. 2014 r. poz. [&hellip;]<\/p>\n","protected":false},"author":11,"featured_media":0,"parent":0,"menu_order":0,"comment_status":"closed","ping_status":"closed","template":"","meta":{"_et_pb_use_builder":"","_et_pb_old_content":"","_et_gb_content_width":"","footnotes":""},"class_list":["post-70131","page","type-page","status-publish","hentry"],"jetpack_sharing_enabled":true,"_links":{"self":[{"href":"https:\/\/plastcom.pl\/index.php?rest_route=\/wp\/v2\/pages\/70131","targetHints":{"allow":["GET"]}}],"collection":[{"href":"https:\/\/plastcom.pl\/index.php?rest_route=\/wp\/v2\/pages"}],"about":[{"href":"https:\/\/plastcom.pl\/index.php?rest_route=\/wp\/v2\/types\/page"}],"author":[{"embeddable":true,"href":"https:\/\/plastcom.pl\/index.php?rest_route=\/wp\/v2\/users\/11"}],"replies":[{"embeddable":true,"href":"https:\/\/plastcom.pl\/index.php?rest_route=%2Fwp%2Fv2%2Fcomments&post=70131"}],"version-history":[{"count":0,"href":"https:\/\/plastcom.pl\/index.php?rest_route=\/wp\/v2\/pages\/70131\/revisions"}],"wp:attachment":[{"href":"https:\/\/plastcom.pl\/index.php?rest_route=%2Fwp%2Fv2%2Fmedia&parent=70131"}],"curies":[{"name":"wp","href":"https:\/\/api.w.org\/{rel}","templated":true}]}}